1 = -u, 3*k = -5*u + 14. Suppose -3*v - 5 = u. List the prime factors of -6 - -3 - (-34 - v).
29
Suppose 2*z + 18 = -22. Let c = z + 9. Let q = -6 - c. List the prime factors of q.
5
Suppose -k + 87 + 113 = 0. Let y = k + -120. Suppose 4*x + 2*f - y = 0, -5*x = -2*f + 4*f - 98. List the prime factors of x.
2, 3
Let u = -95 + 183. What are the prime factors of u?
2, 11
Let r(v) be the second derivative of -5*v**3/6 - 4*v**2 + 6*v. Let a be (-8)/(-12) + (-52)/6. List the prime factors of r(a).
2
Let d = 28 - 77. Let o = 79 + d. Let z = 43 - o. What are the prime factors of z?
13
Let o = 8 + -3. Suppose -o*t + 16 = 4*x, -x + 3*x + 22 = 5*t. What are the prime factors of t?
2
Let d be 1 - 9 - (-7 - -3). Let y(q) = -q**3 - 3*q**2 + q - 1. List the prime factors of y(d).
11
Suppose -285 = 5*n - 5. Let h = n - -125. List the prime factors of h.
3, 23
Let y(h) = -h + 7. Let u be y(-13). What are the prime factors of ((-206)/(-8))/(5/u)?
103
Suppose 3*g + 4*f - 9910 = 0, -16*f = 3*g - 15*f - 9916. What are the prime factors of g?
2, 3, 19, 29
Let c(s) = -s**3 - 17*s**2 - 2*s - 3. Let r be c(-17). Let v be (1 - 3)/((-2)/r). Suppose 3*q + g = 2*q + v, -2*q = -2*g - 62. List the prime factors of q.
31
Suppose -7*o - 662 = 290. Let g = -78 - o. What are the prime factors of g?
2, 29
Suppose 4 = -r, -3*r = 5*h - 13 + 5. Suppose 5*x - 214 = -c, h*c + 2*x - 1146 + 308 = 0. What are the prime factors of c?
11, 19
Suppose 0 = -5*o + 48 + 972. Suppose 24 = -3*d + o. Suppose -h + 92 = 5*t, h + d = 2*t + t. What are the prime factors of t?
19
Let y = 3834 - 2453. What are the prime factors of y?
1381
Suppose -212 = f - 221. Suppose 7 + 17 = 4*j. Let o = f - j. List the prime factors of o.
3
Let u(x) = -4*x + 45. Let k be u(9). Let l(w) = w**3 + 16*w - 2*w - 10*w**2 - 6 - 2*w. List the prime factors of l(k).
3, 7
Let r = 2 + 25. Suppose -5*o = x - r, -2*x - 3*x + 9 = 4*o. List the prime factors of ((-10)/(-5))/(4/o).
3
Let b = 7 + -8. Let v = b - -6. Suppose 2*g = 3*g - 4*y - 30, g - v = -y. List the prime factors of g.
2, 5
Suppose 4*s - 20 = -3*p, -4*s - p + 2 = -26. Suppose -h = a - 4, -3*h - 5*a = 3 - 7. Let y = h + s. List the prime factors of y.
2
Let t(r) = -6*r - 11. Let u be 3*(2 - 42/9). Let h be t(u). Let k = h - 16. List the prime factors of k.
3, 7
Suppose 438*j + 44694 = 456*j. List the prime factors of j.
13, 191
Let q = 1098 - 320. List the prime factors of q.
2, 389
Suppose -730 = -3*n - 304. List the prime factors of n.
2, 71
Let p be (-5)/(50/(-5))*0. Suppose p = 5*k - 344 - 41. List the prime factors of k.
7, 11
List the prime factors of (-12 + 0 + 6)/(-2) - -1280.
1283
Let j be (1 - 0)/(4 - 3). Let g = j + 0. List the prime factors of (g - 22)/(-9 - -8).
3, 7
Suppose i - 2 = -0. Suppose -u + 5*g = -46, -i*g = 3*u - 7*g - 168. What are the prime factors of u?
61
Let c(u) = 148*u - 61. What are the prime factors of c(2)?
5, 47
Let r(p) = -3*p + 7. Let b be r(3). List the prime factors of 6/((-1)/12*b).
2, 3
Let k be 4/(-10) - (-17)/5. List the prime factors of (9/k - 3) + 69.
3, 23
Let k(o) be the second derivative of -o**4/12 + 4*o**3/3 - 3*o**2 - 3*o. Let m be k(6). List the prime factors of (-4)/(-6)*(0 + m).
2
Let l be (-665)/4 - (-48)/(-64). Let z = l + 291. What are the prime factors of z?
2, 31
Suppose 2*t + 1 + 4 = -3*z, 0 = -3*t + 3*z. Let o(k) = 17*k. Let m(g) = -9*g. Let p(n) = 10*m(n) + 4*o(n). List the prime factors of p(t).
2, 11
Let a(l) = -l**2 - 7*l + 10. Let b be a(-6). Suppose 20*t - 348 = b*t. What are the prime factors of t?
3, 29
Let j(p) = 4*p - 12. Let l be j(8). Suppose -3*s - 3*s - 18 = 0. Let v = s + l. What are the prime factors of v?
17
Let i = 1303 - 308. List the prime factors of i.
5, 199
Let k(f) = 6*f + 6. Let m be k(7). Let o(z) = -4*z**2 - 20*z - 5. Let g be o(-4). Suppose -a + m = -g. List the prime factors of a.
59
Let a(o) be the first derivative of -7 + 3*o + 3/2*o**2. What are the prime factors of a(7)?
2, 3
Let z be (-162)/(-45) - (-6)/15. Suppose -44 = -z*m - 4*f, -5*m - f = f - 40. What are the prime factors of m?
2, 3
Let f be 821*((-10)/(-40))/(1/4). Suppose 0*i = 4*y + 5*i - f, 1 = i. List the prime factors of y.
2, 3, 17
Let o = -24 - -44. Suppose -o = -6*y + y. Suppose -5*t + 29 = -y*t. List the prime factors of t.
29
Suppose -2*k = -478 - 74. What are the prime factors of k?
2, 3, 23
Let x be 2/(-7) + 444/84. Suppose -x*t + 137 = -178. List the prime factors of t.
3, 7
Let b(t) = 93*t**2 + 15*t**3 - 175*t**2 + 85*t**2 + t - 4. What are the prime factors of b(2)?
2, 5, 13
Let j = 3 - 4. What are the prime factors of ((-36)/21)/j*49/2?
2, 3, 7
What are the prime factors of 197/(6 + 164/(-28))?
7, 197
Let w = -75 - -125. Let h = -9 + w. List the prime factors of h.
41
Suppose -5340 - 1572 = -18*h. What are the prime factors of h?
2, 3
Let g = 223 - 181. What are the prime factors of g?
2, 3, 7
Let z(h) = 12*h + 33. What are the prime factors of z(17)?
3, 79
Let p be 8 + -5 + (1 - -118). Suppose 447 = 5*t + p. Suppose -6*r + 2*r + t = -c, -4*r - 4*c = -60. List the prime factors of r.
2
Suppose -6*b - 4*v + 36 = -b, 3*v = 4*b - 35. Let o be 2/2*b/(-8). What are the prime factors of (-2)/(-6)*o*-18?
2, 3
Suppose 0 = b - 6 + 2. Suppose b*i = 2*g + 50, 4*i + 4*g = 41 + 3. Suppose 0 = -m + 4*q - 1, -3*q + 4 - i = -2*m. List the prime factors of m.
7
Suppose 0 = -9*l - 4*l + 24505. List the prime factors of l.
5, 13, 29
Let q(y) = -2*y**2 - 7*y - 6. Suppose 0 = 8*a - 3*a + 20. Let f be q(a). What are the prime factors of 169/5 - 2/f?
2, 17
Let w = 6682 - 4523. List the prime factors of w.
17, 127
Let d(m) = -m**2 + 17*m - 20. Let i be d(11). Suppose -48*l + i*l = -56. Suppose -13*n + l = -9*n. List the prime factors of n.
7
Let j = 983 + -374. Suppose -4*m - l = 795, 3*m + j = -l - 4*l. List the prime factors of 4/(-10) - m/45.
2
Suppose 3*a - 4*a + 43 = 0. Suppose a = 3*n - 5*i, 4*n + 5*i + 21 = 5*n. Let q = 13 - n. What are the prime factors of q?
2
Suppose 3 = 3*m, -2*j - 3*m = -5*j + 9. Suppose -h + 2*h + 735 = 4*n, -5*n = -j*h - 927. What are the prime factors of n?
3, 61
Suppose -4*j + 2*k = 4*k - 212, 0 = 2*j + 4*k - 112. Let d(t) = -56*t**2 + 111*t**2 - 7*t - 12 - j*t**2. List the prime factors of d(6).
2, 3
Let r be (2 - -1) + (32 - 7). Let d = r + -26. Suppose -l = -g - 42, d*g = -5*l + l + 174. List the prime factors of l.
43
Let s(n) = -n + 0 + 3 - 3 - 1. Let p be s(-7). List the prime factors of p/(-8) - 990/(-40).
2, 3
Suppose -2*i - h + 2*h + 1171 = 0, 0 = -i + 5*h + 608. What are the prime factors of i?
11, 53
Suppose 0 = -3*v + 8 + 4. Suppose -a = v*a. Suppose z + 3*l = 2*l + 18, a = 4*z + l - 57. List the prime factors of z.
13
Let x(m) = 23*m**2 + 3*m - 1. Let u = 48 + -50. List the prime factors of x(u).
5, 17
Suppose -2332 = 9*l - 7489. What are the prime factors of l?
3, 191
Suppose -297 = 2*v + 7. Let j = -104 - v. List the prime factors of j.
2, 3
Suppose -2*p + 3*n + 3160 = 836, -3*p - n + 3497 = 0. What are the prime factors of p?
5, 233
Let t = -531 + 857. List the prime factors of t.
2, 163
Let g be -2 + 3/((-3)/(-4)). Let m(l) = -l**g + 6 + 9*l + 3 + 3. What are the prime factors of m(10)?
2
Suppose 2*k - 408 - 286 = 0. What are the prime factors of k?
347
Let x(c) = -c**3 + 2*c**2 + 6*c - 6. Let p be x(3). Suppose -p*v + 3*n + 1447 = 2*v, -4*n = -4*v + 1164. List the prime factors of v.
7, 41
Let x(k) = 4*k + 6*k - 5*k. Let g be (6/(-4))/(3/(-8)). What are the prime factors of x(g)?
2, 5
List the prime factors of (3 + 4 - 2) + 437 + -2.
2, 5, 11
Let x = -8 - -14. Suppose i - 3*i - 12 = 3*c, -3*c - i = 12. Let u = x - c. List the prime factors of u.
2, 5
Suppose 2*s = -2*v + 96, -4*s = 3*v - 86 - 57. Let k = v - -3. List the prime factors of k.
2, 13
Suppose 3*b + 9 - 63 = 0. Let g = b + -15. List the prime factors of g.
3
Let b(a) = a**3 + 17*a**2 + 24*a + 30. Suppose -3*i - 30 = 2*h, -3*i = -5*h - 81 + 6. List the prime factors of b(h).
2, 3, 5
Suppose 0 = -0*w + 3*w - 3. Suppose 4*p - 4*s - 192 = 0, w = -4*p + 5*s + 195. What are the prime factors of p?
2, 23
Let t = 48 - 44. Suppose t*q = q + 102. What are the prime factors of q?
2, 17
Suppose 80 = 5*l + 3*v, 0*l - 48 = -2*l + 2*v. Let o = l - 18. What are the prime factors of 29 - ((-4 - -3) + o)?
29
Suppose 7*m + 24 